 greatest common divisor of d and i.
9
Suppose 0 = -2*w + 8*w - 54. Suppose -7*c = -w*c + 128. What is the highest common divisor of 8 and c?
8
Let o = -29 - -51. Calculate the greatest common divisor of o and 110.
22
Suppose 12*u = 479 + 193. What is the greatest common divisor of u and 8?
8
Suppose -4*k - 13 = -5*k. What is the highest common divisor of 143 and k?
13
Let n(j) be the second derivative of j**4/4 - j**3/2 - 3*j**2/2 + j. Let y be n(-2). What is the highest common factor of y and 10?
5
Let o(u) = -23*u**2 + 7 - u**3 - 2 + 19*u**2. Let x be o(-6). Calculate the highest common divisor of 7 and x.
7
Let m = 0 - 0. Suppose 4*p - 2*y - 4 = m, 4*p - p = -y + 8. Let l be (11 + -1)*4/p. What is the greatest common factor of l and 50?
10
Suppose 40 = -c + 6*c. Calculate the highest common divisor of 12 and c.
4
Let j = -54 - -38. Suppose 22 = c - 2*i, -2*c - i - 46 = -5*c. Let n = c - j. What is the highest common factor of 75 and n?
15
Let a = -1 - -3. What is the highest common factor of a and 10?
2
Let o(z) = -z**3 + z**2 + 3*z + 2. Let d be o(-4). Let q be d/3 + (-2)/6. What is the greatest common factor of 253 and q?
23
Suppose -w + 6*w = 45. Let h be 0 + 4/4 + w. Suppose y = -3*y + 160. What is the highest common divisor of h and y?
10
Let l be (0 - -10)*5/10. Suppose l*i - 228 = -18. Let o = -6 - -34. What is the greatest common factor of i and o?
14
Let s be (-4)/(-8) + 23/(-2). Let c(w) = -w**3 - 16*w**2 + 18*w + 19. Let m be c(-17). Let d be m/(-2) - s - 1. What is the greatest common factor of 27 and d?
9
Suppose 154 - 31 = 3*p. Let l = 62 - p. Suppose -5*j - 24 = -g, 0 = 3*g - 5*j - 19 - 33. Calculate the greatest common factor of g and l.
7
Suppose -17*o = -18*o + 33. What is the greatest common divisor of o and 3?
3
Suppose 5*y = 69 + 31. Suppose -y = -5*g - 0*g. What is the greatest common factor of g and 32?
4
Let c = -45 + 87. Let b(d) = -2 - 2 + 2*d + d + d**2. Let p be b(-6). What is the greatest common divisor of p and c?
14
Let p(z) = -7 + z + 17 - 1 + 14. Let q be p(-11). Calculate the highest common divisor of q and 96.
12
Let v(c) be the third derivative of 1/6*c**4 + 0*c + 0 + 1/6*c**3 - c**2. Let h be v(5). What is the greatest common divisor of 21 and h?
21
Let r be (9/(-4))/(-1)*-4. Suppose 0 = 3*n - l + 45, 0*n - 3*l = -2*n - 30. Let f be -66*(n/r - 3). Calculate the highest common divisor of f and 11.
11
Suppose -k = -4*k - 84. Let n be ((-2)/(-8))/((-7)/k). Let b = 3 + -2. What is the greatest common factor of n and b?
1
Suppose -7*l = -3*i - 2*l + 96, -2*l + 96 = 3*i. Let f be 8/(-12) - 10/(-6). Let n be 10 - (3/3 + f). Calculate the highest common factor of n and i.
8
Suppose -5*s + 36 + 44 = 0. Suppose 0 = -2*a - 0*a + s. Calculate the greatest common divisor of a and 56.
8
Let y(c) = -6*c**2 + 2*c - 1. Let t be y(2). Let v be 0 - ((0 - 0) + t). What is the greatest common divisor of v and 14?
7
Suppose -4*s = -5*s + 16. What is the greatest common factor of s and 2?
2
Suppose 4*f + 3*j - 77 = 2*j, 21 = f + 2*j. Let s = f + -6. Calculate the highest common factor of 13 and s.
13
Suppose 2*r - 2*n = 3*r - 36, -4*r - 2*n = -120. Let g = 192 - 122. What is the highest common divisor of g and r?
14
Let j(b) = 57*b**2 - b. Let f be j(1). What is the greatest common factor of f and 7?
7
Let u = 39 + -13. Let r(j) = 2 - 1 - 2*j**3 + 4*j + 3*j**2 + j**3. Let d be r(3). Calculate the highest common factor of u and d.
13
Suppose 2*r - 3*r = -4. Suppose 20 = r*p, -53 = 2*a - 4*a + 3*p. What is the highest common factor of 17 and a?
17
Let u be 16/(-12)*-24*(-2)/(-2). Calculate the greatest common factor of 8 and u.
8
Suppose 0*k + 2*k - 38 = 3*q, 2*q + 27 = 3*k. Let z = q + 24. Suppose -a + b - 2 = -3*a, 3*a = 3*b + z. What is the greatest common factor of a and 5?
1
Let g(m) be the third derivative of -m**6/60 + 2*m**2. Let j be g(-1). Let a = 0 + 2. What is the greatest common divisor of j and a?
2
Suppose 0 = -4*q - 4*l + 3 + 5, 3*q - 4*l = 13. Let j be (-2)/(-3) - (-64)/q. What is the highest common factor of j and 22?
22
Suppose c - 21 = 11. Let a = -17 + c. Calculate the greatest common factor of 30 and a.
15
Suppose w - 40 = -3*w + 4*k, -4*w = k - 35. What is the greatest common factor of 36 and w?
9
Let i = -2 - -5. Suppose i*g - 5*d = 32, 7*g - 4*g + d = 8. Calculate the highest common factor of 10 and g.
2
Let i(y) = 5*y + 1. Let t be i(2). What is the highest common divisor of t and 66?
11
Suppose -4*n + 17 + 51 = -3*s, 3*n - 4*s = 44. Let h be (2 - 5/3)*9. Let r(j) = 2*j**2 + j - 1. Let o be r(h). What is the highest common divisor of o and n?
20
Suppose -4*i - 5*y + 31 + 23 = 0, -5*y = 3*i - 38. Calculate the highest common factor of i and 8.
8
Let y be (-4)/(-10)*10/2. Suppose -v - 9 = -y*v. What is the greatest common divisor of v and 18?
9
Suppose -3*u + 22 + 14 = 0. Let p = -33 + 75. Suppose -2*f - p = -258. What is the highest common factor of u and f?
12
Let q(m) = -3*m**2 - m - 5. Let f(d) = 8*d**2 + 3*d + 14. Let b(a) = -4*f(a) - 11*q(a). Let t be b(-3). Calculate the highest common divisor of t and 33.
11
Let p = -3 - -13. Let a = -8 - -48. What is the greatest common divisor of p and a?
10
Let n be 156/10 - 26/(-65). Let z = -91 - -219. Calculate the highest common factor of n and z.
16
Let t be 7/2*6/3. Let x be 2/(-4)*48/4. Let h(d) = d**2 + 7*d + 7. Let l be h(x). What is the greatest common divisor of t and l?
1
Let j(z) = -z + 3. Let l be j(6). Let a be ((-15)/12)/(l/144). Calculate the greatest common factor of a and 15.
15
Suppose -4*t = -h, 3*h - 5*t + 13 = 34. Let r = 24 + 73. Let a be r/4 - 1/4. Calculate the greatest common divisor of a and h.
12
Let m be 1/(2/(-100)) - 1. Let y = 12 + -5. Let z be (-2)/y - m/7. What is the greatest common divisor of z and 7?
7
Let i(q) = -q + 2. Let n be i(-8). Calculate the greatest common divisor of 40 and n.
10
Let a = -3 - -9. Let b be 1/((a/3)/16). What is the greatest common factor of b and 8?
8
Suppose 6 = 3*i, -7*f + 295 = -2*f + 5*i. Let j = 8 - 4. Suppose j*d - f = 39. What is the highest common divisor of d and 6?
6
Suppose 0 = -4*z + 5 + 11. Let v be 14 - (6/3 - z). What is the highest common divisor of 16 and v?
16
Let j be 8 + -4 - 0/2. Let w = -28 - -44. Calculate the highest common divisor of j and w.
4
Let r(y) = -y**2 + 5*y + 12. Let f be r(5). Let w be f*(3 + 8/(-3)). Calculate the greatest common divisor of 8 and w.
4
Suppose 2 = y, 4*o + 6*y = 3*y + 270. Suppose 4*m - 6*m = -o. Suppose -3 + m = 3*n. Calculate the highest common factor of n and 40.
10
Let x be 11 + 1 + (12 - 12). Let b be -2*2*(-3)/6. Suppose 3*t - 17 = -4*n + 2*t, -5*n + b*t + 18 = 0. What is the highest common factor of n and x?
4
Suppose -b = 4*m, -5*b + 2*m - 23 = -m. Let c be 2*7 - (-4 - b). Calculate the greatest common divisor of 14 and c.
14
Let x be -6 + 93 + 1*-3. Suppose 40 = 4*z - 4*p, 2*z + p - 42 = -16. What is the highest common factor of x and z?
12
Let r = -332 - -517. Suppose -3*s - m + 91 = -2*m, -5*s - 5*m = -r. Calculate the highest common factor of 48 and s.
16
Suppose 2*f - 4*o - 35 = -9*o, 3*o + 12 = f. Let j(t) = t**2 - 8*t - 7. Let h be j(9). Suppose -h*l + 4*l = 120. Calculate the highest common factor of f and l.
15
Let m(v) = -9 + 8*v + 5*v**2 + 4*v**2 - 10*v**2. Let x be m(6). Let q be 68/(-2)*-1 - 1. Calculate the highest common divisor of q and x.
3
Suppose -81 = 5*k + 279. Let h = -45 - k. Let m = h - 7. Calculate the greatest common divisor of 10 and m.
10
Let g(u) = -2*u**3 - 40*u**2 - 37*u + 43. Let t be g(-19). Let p = -59 + 95. Calculate the greatest common divisor of p and t.
12
Let k be (198/(-8))/(6/(-48)). What is the highest common divisor of k and 18?
18
Let r be (1*2)/(5 + -3). Suppose 30 = -3*h + h + 5*g, -5*g + 10 = 0. Let u = h + 19. What is the highest common factor of r and u?
1
Suppose -18 - 7 = 5*u, -n - 4*u - 15 = 0. Suppose n*o - 40 = 3*o. Calculate the greatest common factor of o and 50.
10
Suppose 0 = 5*b - 590 - 35. Calculate the highest common factor of 50 and b.
25
Let f(t) = -t**2 - 13*t - 25. Let v be f(-10). Calculate the greatest common factor of 35 and v.
5
Suppose 0 = -4*q - 3*g + 264, 5*q - 3*g = -g + 307. Let y = q + 31. Let l = -50 + y. What is the greatest common factor of 4 and l?
4
Supp